 1. Let g be z(-1). Suppose g = -3*a + 57. Suppose -w + 26 = -2*b, 5 = -3*w - b + 69. What is the greatest common factor of a and w?
11
Suppose 0 = 3*l + 4*s + s - 18, -l - 2*s + 7 = 0. Suppose -25 = -3*w - 2*w. Calculate the greatest common factor of w and l.
1
Suppose 0 = k - 92 + 20. Let r be 4/(12/9) - -5. What is the highest common divisor of k and r?
8
Suppose 27 + 23 = 2*s - 4*n, -3*s = n - 40. Calculate the greatest common factor of s and 165.
15
Let v be (-12)/42 - (-37)/7. Suppose -v*t + 10*t = 0. Suppose -6*h + h + 15 = t. Calculate the greatest common divisor of h and 24.
3
Suppose 19 = 2*v + 7. What is the highest common factor of 18 and v?
6
Suppose -m + 11 = -18. Calculate the highest common divisor of m and 261.
29
Let v = -1 - -6. Suppose -4*y = -0*y - 5*r - 59, v*y = -4*r + 84. What is the highest common divisor of y and 4?
4
Let o(j) be the first derivative of -j**4/2 - j**3/3 - j**2 + 3*j + 3. Let h be o(-3). Calculate the highest common factor of h and 6.
6
Let h(r) = -2*r - 1. Let l be h(-4). Suppose -x - x + 4 = 0. Let z = x + l. What is the greatest common divisor of z and 27?
9
Suppose -4*o - 6 = -58. What is the highest common divisor of 117 and o?
13
Let c(r) be the second derivative of r - 1/3*r**3 + 0*r**2 + 0 + 1/6*r**4. Let z be c(4). Calculate the highest common divisor of 48 and z.
24
Suppose 6*k + 236 = 2*k. Suppose 19 = -5*x - 4*a - 167, -a + 77 = -2*x. Let r = x - k. What is the greatest common divisor of 14 and r?
7
Let d be (11 + -1)*1/2. Let c = -179 - -189. What is the greatest common divisor of d and c?
5
Let g(t) = t + 19. Let w be g(-8). Calculate the highest common divisor of w and 22.
11
Let m be (-22)/4*6/(-3). Calculate the greatest common divisor of m and 88.
11
Let h be ((-231)/(-42))/(2/24). What is the highest common divisor of 44 and h?
22
Suppose -448 = -4*p + 2*p. Suppose 16*c + 336 = 28*c. Calculate the highest common divisor of p and c.
28
Let z be (-4)/(-18) - (-266)/18. Calculate the greatest common factor of 15 and z.
15
Let q(g) = g**3 - 5*g**2 + 11*g - 5. Let l be q(10). Let a be (2/5 - 0)*l. Suppose -4*m + 115 - 27 = 0. What is the greatest common divisor of a and m?
22
Let z be ((-14)/21)/(4/(-66)). Calculate the greatest common factor of 77 and z.
11
Let u be (-3)/((-12)/352 + 0). Calculate the greatest common factor of 11 and u.
11
Let f(b) = -37*b**3 + 2*b + 1. Let z be f(-1). Let x = 17 - 21. Let l be (-3)/x*(1 + 23). Calculate the greatest common factor of l and z.
18
Let c = 22 + 214. Let g be 1 + 1/(4/c). Let n = 11 + 1. Calculate the greatest common divisor of n and g.
12
Let m be ((-15)/3)/(2/(-28)). What is the greatest common factor of 28 and m?
14
Let y = 6 - 26. Let f = 44 + y. Let q be 76/10 + (-4)/(-10). What is the greatest common factor of q and f?
8
Let c(z) = 50*z**3 + 2*z**2 - 1. Let k = -3 + 4. Let f be c(k). Suppose 7 = -5*u - y + 69, 0 = -3*u + 4*y + f. What is the greatest common factor of u and 13?
13
Let l(z) = -z**2 - 7*z + 5. Let a be l(-8). Let s(b) = 7 + b + 4*b**2 + b**3 - 4*b - 3. Let u be s(a). What is the greatest common divisor of u and 2?
2
Let n(f) = f**2 - 2*f - 7. Let k be n(6). Let t = 379 + -192. Calculate the greatest common factor of k and t.
17
Suppose -5*q + 3*q = -200. Calculate the greatest common factor of 25 and q.
25
Suppose -4*g - 5*p + 118 = 0, -3*g + 4*p = g - 136. What is the greatest common divisor of 224 and g?
32
Let c(p) = -p**3 - 7*p**2 + p + 10. Let k be c(-7). Let g = k + -2. Let u(o) = 5*o**2 + o - 1. Let x be u(-1). Calculate the greatest common factor of x and g.
1
Let w be (-2 - -2 - 2) + (12 - 8). Let p(z) = 138*z**2 - 1. Let n be p(-1). Suppose w*b - 335 = -n. Calculate the highest common factor of 11 and b.
11
Suppose -12*w = 9 - 81. What is the highest common factor of w and 12?
6
Let u = -13 + 20. Suppose -2*a + 4*j + 36 = 0, 2*j - j = -2*a + 61. What is the greatest common factor of u and a?
7
Let u = -401 + 577. Calculate the highest common factor of u and 44.
44
Suppose -p - 2*c = -75, 0 = -2*p - p + 4*c + 205. Suppose 2*m = -5*k + p, -3*k + 3*m + 49 = m. Calculate the highest common factor of 6 and k.
3
Suppose -1 = -v + 34. Let n = -1 + 3. Let m be 50/4 + 3/n. Calculate the greatest common factor of v and m.
7
Suppose 0*r = 3*r - 3, 4*r = 2*m - 78. Calculate the greatest common divisor of 369 and m.
41
Suppose 4*b = -i + 16, -2*i + 6 + 2 = 2*b. Suppose -5*v + 7 + 8 = i. Suppose 95 = v*w - 94. Calculate the highest common divisor of 9 and w.
9
Suppose f - 3*f - 5*l = -27, -4*f - 2*l + 14 = 0. Let q be f + 1 - (-84)/7. Calculate the highest common factor of 35 and q.
7
Let n = 95 - 257. Let d(j) = j**2 + 19*j + 10. Let q be d(-8). Let i = q - n. Calculate the greatest common divisor of i and 21.
21
Let d be (3/(-2))/((-9)/30). Suppose 25 = d*o + 4*g, -7*o + 56 = -3*o - 4*g. What is the highest common divisor of o and 63?
9
Suppose -31*q + 32*q - 14 = 0. Let m = 87 - 52. What is the greatest common factor of m and q?
7
Let c(y) be the third derivative of 0 + 1/3*y**3 - y**2 - 1/60*y**5 + 0*y + 1/4*y**4. Let l be c(6). What is the greatest common divisor of 8 and l?
2
Suppose 0 = 4*s - 3 - 389. What is the highest common divisor of s and 14?
14
Let o(i) = 7*i + 14. Let j(w) = -7*w - 13. Let x(z) = -6*j(z) - 5*o(z). Let n be x(6). What is the greatest common factor of 20 and n?
10
Let m be 3/(-2) + 177/6. Let r = 36 - m. Calculate the highest common divisor of r and 88.
8
Suppose -f = -2*f + 4. Suppose 2*s - 4*s - f*y = -36, 0 = -5*y. What is the greatest common divisor of s and 90?
18
Let s(g) = g + 5. Let x be s(-3). Suppose -2*h = 2*v - 0*v - 262, -662 = -5*v + x*h. Let t = -18 + 30. Calculate the highest common factor of t and v.
12
Suppose k - 241 = -5*z, 195 = 4*z + 9*k - 6*k. Suppose -4*j + 14 = -82. What is the greatest common divisor of j and z?
24
Suppose 0 = -2*j, 0*q - 2*q + 18 = 3*j. Calculate the highest common divisor of 1 and q.
1
Suppose -u + 3*q - q = -1, -26 = -u - 3*q. Suppose 103 = 2*l - u. Let h = l - 39. Calculate the greatest common factor of 6 and h.
6
Suppose -22 = -2*s + 3*j - 202, 5*j = s + 83. Let h = s + 170. Calculate the greatest common divisor of h and 11.
11
Let p = 4 + 58. Let r(m) = 3*m**2 - 7*m + 2. Let b be r(5). Let f = p - b. What is the greatest common divisor of f and 10?
10
Let y(i) = -i**3 + 4*i**2 - 3*i + 3. Let v be y(3). Let d(a) = a - 5. Let g be d(7). Let b = v - g. Calculate the highest common factor of 5 and b.
1
Let k be (-5)/(-15)*-3*-17. Suppose 0*o = 2*o - 272. Calculate the highest common divisor of o and k.
17
Let d be (-15)/(-9) - 10/15. Calculate the highest common factor of 4 and d.
1
Let h = 35 - 23. Calculate the greatest common factor of 60 and h.
12
Suppose 2*z + 4*u = 22, 6*u = -5*z + u + 30. Let x be 14 - ((z - 1) + 2). Calculate the greatest common divisor of x and 12.
12
Let y be (-1)/5*3*-5. Suppose 2*j = 4*k, -3*j + y*k + 5 = -4. What is the highest common factor of j and 6?
6
Let z(y) be the second derivative of -13*y**3/6 - 4*y**2 + y. Let w be z(-8). What is the greatest common factor of w and 12?
12
Suppose 18*w - 38 = 16*w. What is the highest common factor of 152 and w?
19
Let b = 83 - 78. What is the greatest common divisor of b and 2?
1
Let p = -53 + 87. What is the highest common factor of 374 and p?
34
Let p be (-2)/4 + (-69)/6. Let s be p*(-1 + (-3)/(-6)). Let r be (-1)/5 + s/5. Calculate the greatest common divisor of 4 and r.
1
Let t(b) = -11*b**3 - 3*b**2 - 3*b - 1. Let n be (-1 - -2)/(6/(-12)). Let y be t(n). Calculate the greatest common factor of 54 and y.
27
Let h = 52 + 8. Suppose -6*r + 10*r - 80 = 0. Calculate the greatest common factor of r and h.
20
Let v = 4 - 3. Suppose 0 = 2*s + 5*d - 7, -s + 2*d = 7*d - v. Suppose -65 = x - s*x. What is the greatest common factor of 91 and x?
13
Suppose -c - 20 = -6*c. Suppose -3*h + 66 + 66 = c*x, -46 = -h - 2*x. Suppose -2*p + 48 = p. What is the highest common factor of h and p?
8
Let u(s) = 49*s - 3. Let g be u(2). Suppose 3*l + 2*l - 3*r = 115, 5*l = -r + g. What is the greatest common divisor of 5 and l?
5
Let u be (-9)/(-18) - (-2 + 255/(-6)). What is the highest common factor of u and 10?
5
Let p(k) = -k**2 + 8*k + 10. Suppose -1 = -o - 0. Let s(q) = q + 1. Let t(n) = o*p